{"id":400,"date":"2013-05-30T10:36:14","date_gmt":"2013-05-30T09:36:14","guid":{"rendered":"https:\/\/sciencesinfusent-decouvre-egypte.univ-lille.fr\/?page_id=400"},"modified":"2013-05-30T10:36:14","modified_gmt":"2013-05-30T09:36:14","slug":"esna-temple-de-khnoum-epoque-romaine","status":"publish","type":"page","link":"https:\/\/sciencesinfusent-decouvre-egypte.univ-lille.fr\/index.php\/esna-temple-de-khnoum-epoque-romaine","title":{"rendered":"Esna, temple de Khnoum (\u00e9poque romaine)"},"content":{"rendered":"<table width=\"100%\" border=\"0\" cellspacing=\"10\" cellpadding=\"10\">\n<tr>\n<td width=\"50%\" valign=\"top\" align=\"justify\">\n<p>La ville d&rsquo;Esna se situe \u00e0 une cinquantaine de kilom\u00e8tres au sud de Louqsor. Le\u00a0<span class=\"explanatory-dictionary-highlight\" data-definition=\"explanatory-dictionary-definition-41\">temple<\/span>\u00a0d&rsquo;Esna est d\u00e9di\u00e9 \u00e0 Khnoum : dieu cr\u00e9ateur potier, \u00e0 t\u00eate de b\u00e9lier, il est \u00e9galement celui qui contr\u00f4le l&rsquo;inondation. \u00c0 Esna, le dieu Khnoum fait partie d&rsquo;une triade aux c\u00f4t\u00e9s de Menhyt, une d\u00e9esse lionne, et de leur enfant H\u00e9ka, la magie. Ce que l&rsquo;on voit aujourd&rsquo;hui du <span class=\"explanatory-dictionary-highlight\" data-definition=\"explanatory-dictionary-definition-41\">temple<\/span> d&rsquo;Esna est un\u00a0<span class=\"explanatory-dictionary-highlight\" data-definition=\"explanatory-dictionary-definition-14\">pronaos<\/span>\u00a0plaqu\u00e9 sur un <span class=\"explanatory-dictionary-highlight\" data-definition=\"explanatory-dictionary-definition-41\">temple<\/span> ant\u00e9rieur, d\u00e9truit jusqu&rsquo;au fondations. Ce <span class=\"explanatory-dictionary-highlight\" data-definition=\"explanatory-dictionary-definition-41\">temple<\/span>, qui datait du Nouvel Empire et qui fut plusieurs fois r\u00e9am\u00e9nag\u00e9 notamment \u00e0 l&rsquo;\u00e9poque ptol\u00e9ma\u00efque, comprenait un <span class=\"explanatory-dictionary-highlight\" data-definition=\"explanatory-dictionary-definition-14\">pronaos<\/span>, une salle hypostyle, une salle des offrandes, une salle de l&rsquo;<span class=\"explanatory-dictionary-highlight\" data-definition=\"explanatory-dictionary-definition-29\">Enn\u00e9ade<\/span>\u00a0et un <span class=\"explanatory-dictionary-highlight\" data-definition=\"explanatory-dictionary-definition-23\">naos<\/span>. La partie la plus r\u00e9cente du <span class=\"explanatory-dictionary-highlight\" data-definition=\"explanatory-dictionary-definition-41\">temple<\/span> actuel fut construite par Tib\u00e8re vers 14 ap. J.-C. et la d\u00e9coration s&rsquo;est poursuivie sous les r\u00e8gnes de plusieurs empereurs romains jusqu&rsquo;\u00e0 celui de D\u00e8ce, pers\u00e9cuteur des chr\u00e9tiens.\u00a0<\/p>\n<\/td>\n<td width=\"50%\" valign=\"top\" align=\"justify\">\n<p>La fa\u00e7ade du <span class=\"explanatory-dictionary-highlight\" data-definition=\"explanatory-dictionary-definition-14\">pronaos<\/span> est tr\u00e8s proche de celle du <span class=\"explanatory-dictionary-highlight\" data-definition=\"explanatory-dictionary-definition-41\">temple<\/span> d&rsquo;<span class=\"explanatory-dictionary-highlight\" data-definition=\"explanatory-dictionary-definition-57\">Hathor<\/span>\u00a0\u00e0 Dend\u00e9rah mais les colonnes, qui conservent toujours leur polychromie, sont parmi les plus originales de l&rsquo;art tardif \u00e9gyptien car elles reproduisent des palmiers-dattiers, des bouquets de lotus et de papyrus ou encore de la vigne avec ses grappes de raisin. Toute la richesse de la campagne environnante a ainsi \u00e9t\u00e9 repr\u00e9sent\u00e9e. Une fois abandonn\u00e9, suite \u00e0 l&rsquo;\u00e9dit de Th\u00e9odose en 380 ap. J.-C., le <span class=\"explanatory-dictionary-highlight\" data-definition=\"explanatory-dictionary-definition-41\">temple<\/span> fut transform\u00e9 en \u00e9glise chr\u00e9tienne, puis recouvert par le sables et les d\u00e9bris divers. Il se situe aujourd&rsquo;hui dans une fosse de plus de 9 m\u00e8tres de haut : il s&rsquo;agit de la hauteur des d\u00e9combres accumul\u00e9s durant 15 si\u00e8cles et sur lesquels reposent la ville moderne. Seule une faible partie du <span class=\"explanatory-dictionary-highlight\" data-definition=\"explanatory-dictionary-definition-41\">temple<\/span> a \u00e9t\u00e9 d\u00e9gag\u00e9e et des fouilles plus importantes ne sont pas envisageables car cela impliquerait le d\u00e9placement d&rsquo;une grande portion de la ville actuelle.<\/p>\n<\/td>\n<\/tr>\n<\/table>\n","protected":false},"excerpt":{"rendered":"<p>La ville d&rsquo;Esna se situe \u00e0 une cinquantaine de kilom\u00e8tres au sud de Louqsor. Le\u00a0temple\u00a0d&rsquo;Esna est d\u00e9di\u00e9 \u00e0 Khnoum : dieu cr\u00e9ateur potier, \u00e0 t\u00eate de b\u00e9lier, il est \u00e9galement celui qui contr\u00f4le l&rsquo;inondation. \u00c0 Esna, le dieu Khnoum fait partie d&rsquo;une triade aux c\u00f4t\u00e9s de Menhyt, une d\u00e9esse lionne, et de leur enfant H\u00e9ka, [&hellip;]<\/p>\n","protected":false},"author":2,"featured_media":1644,"parent":0,"menu_order":0,"comment_status":"closed","ping_status":"closed","template":"template-gallery-full1.php","meta":{"footnotes":""},"class_list":["post-400","page","type-page","status-publish","has-post-thumbnail","hentry"],"_links":{"self":[{"href":"https:\/\/sciencesinfusent-decouvre-egypte.univ-lille.fr\/index.php\/wp-json\/wp\/v2\/pages\/400","targetHints":{"allow":["GET"]}}],"collection":[{"href":"https:\/\/sciencesinfusent-decouvre-egypte.univ-lille.fr\/index.php\/wp-json\/wp\/v2\/pages"}],"about":[{"href":"https:\/\/sciencesinfusent-decouvre-egypte.univ-lille.fr\/index.php\/wp-json\/wp\/v2\/types\/page"}],"author":[{"embeddable":true,"href":"https:\/\/sciencesinfusent-decouvre-egypte.univ-lille.fr\/index.php\/wp-json\/wp\/v2\/users\/2"}],"replies":[{"embeddable":true,"href":"https:\/\/sciencesinfusent-decouvre-egypte.univ-lille.fr\/index.php\/wp-json\/wp\/v2\/comments?post=400"}],"version-history":[{"count":0,"href":"https:\/\/sciencesinfusent-decouvre-egypte.univ-lille.fr\/index.php\/wp-json\/wp\/v2\/pages\/400\/revisions"}],"wp:featuredmedia":[{"embeddable":true,"href":"https:\/\/sciencesinfusent-decouvre-egypte.univ-lille.fr\/index.php\/wp-json\/wp\/v2\/media\/1644"}],"wp:attachment":[{"href":"https:\/\/sciencesinfusent-decouvre-egypte.univ-lille.fr\/index.php\/wp-json\/wp\/v2\/media?parent=400"}],"curies":[{"name":"wp","href":"https:\/\/api.w.org\/{rel}","templated":true}]}}